ate the remainder when 383 is divided by s.
23
Suppose -5*q - 35 = -2*u, 3*q + 34 = 2*u - q. Suppose 7*k + k - 64 = 0. What is the remainder when u is divided by (28/k)/7*18?
6
Let h(k) = -k**3 + 5*k**2 + 11*k - 24. Let i be h(6). Suppose 5*w - 4*d - 577 = 0, -5*w + 5*d - i*d = -587. What is the remainder when w is divided by 42?
33
What is the remainder when 3714 is divided by (2 + 19)*(-420)/(-126)?
4
Let l(a) = -a**3 - 2*a**2 - 8*a + 24. What is the remainder when l(-3) is divided by (-1 - 2) + (-108)/(-4)?
9
Suppose -20 = 4*r, 5*d - 7*r = -2*r + 780. What is the remainder when 1827 is divided by d?
15
Let y(c) = -c**3 - 6*c + 22. Let n be y(6). Let a = n + 249. Suppose -228 = -4*s - 4*d, 5*s + 2*d - 243 = 33. Calculate the remainder when s is divided by a.
16
Suppose -13*w - l + 420 = 0, 17*w - 144 = 12*w + 4*l. Calculate the remainder when 3548 is divided by w.
28
Suppose 221 = 3*w - 3*d + 14, 354 = 5*w + 4*d. Let u = 78 + -53. Calculate the remainder when w is divided by u.
20
Suppose -126*v + 134*v = 2920. Calculate the remainder when v is divided by 8.
5
Calculate the remainder when 361 is divided by 46 + 0*11/(-154).
39
Let q(c) = 2*c**2 - 154*c + 2807. Calculate the remainder when q(20) is divided by 22.
21
Let f = 29235 + -27856. What is the remainder when f is divided by 455?
14
Let c = -18406 - -18425. Calculate the remainder when (-1616)/(-18) - 4/(-18) is divided by c.
14
Suppose 190 = u - 2*a, -4*u - u = 2*a - 962. Let i = 326 - u. Calculate the remainder when i is divided by 23.
19
Let o be ((-5)/(-2))/(8/(-16))*-2. Calculate the remainder when 69 is divided by (5 + 52/(-8))/((-1)/o).
9
Let n = -33 + 31. Let a be (-2 + 3 + -3)*(-3 - n). What is the remainder when 35 is divided by a - 3 - -14 - 0?
9
Let u(a) = 2*a**3 - 23*a**2 + 2*a + 44. Suppose -2*p - 3 + 49 = 0. What is the remainder when u(0) is divided by p?
21
Suppose 25*d - 54*d + 4524 = 0. Let c = d - 147. What is the remainder when (-104)/(-3) - 1/(-3) is divided by c?
8
Suppose z + 125 = 5*k, -5*k = -2*z + 81 - 201. Let s(l) = -62 + k - 3*l + 1 - l. What is the remainder when 258 is divided by s(-16)?
26
Suppose 3*f - 6*i - 8 = -i, i = 3*f - 16. Let z = 157 + f. Calculate the remainder when z is divided by 41.
40
Let l(m) = 17*m - 1. Let v(a) = a**2 + 957*a + 5728. What is the remainder when v(-6) is divided by l(1)?
6
Suppose 4*s + 2*g + 199 = 67, -164 = 5*s + 2*g. Calculate the remainder when s/272 + 7958/17 is divided by 47.
45
Let u be (-52)/(-65)*(-1)/(2/110). Calculate the remainder when (10/(-4))/(u/4488) is divided by 43.
40
Let f(j) = -j**3 - 10*j**2 - 21*j - 8. What is the remainder when f(-9) is divided by 1*((-2 - -2) + 17)?
15
Let q be 4 - (-102)/(-3 + 2). Let z = q + 47. Let t = -43 - z. What is the remainder when 22 is divided by t?
6
Let i be (2 - 5 - -2)/(-1). Suppose -h - 5*z - 12 = i, -5 = -3*h - 4*z. Let m(t) = 8*t - 15. What is the remainder when m(h) is divided by 22?
19
Let k = -2498 - -3128. Calculate the remainder when k is divided by 158.
156
Suppose -25*o + 1746 = -31*o. Let g = o + 310. Let d(a) = -7*a - 3. What is the remainder when d(-8) is divided by g?
15
Let t(o) = -15*o - 178. What is the remainder when t(-36) is divided by 20?
2
Suppose 328 = -4*u + 380. Calculate the remainder when 613 is divided by u.
2
Suppose 0 = 2*t - 40 - 40. Suppose -t*d + 256 = -24*d. What is the remainder when 62 is divided by d?
14
Suppose 3*q + 79 - 111 = -b, -2*q + 27 = -5*b. Let n = 6 - 4. Suppose -3*a + 43 = -5*w, -a + 2*a = n*w + 13. Calculate the remainder when a is divided by q.
10
Let y(n) be the first derivative of -n**3/3 + 2*n**2 - 10*n - 17. Let d be y(-5). Let b = 64 + d. Calculate the remainder when 21 is divided by b.
3
What is the remainder when 2*205/(-1)*-2 is divided by 268?
16
Let y = 29 - 12. Suppose 0 = 14*j - 9*j + 255. Let u = -42 - j. What is the remainder when y is divided by u?
8
Let t = 25906 - 24376. What is the remainder when t is divided by 52?
22
Let w = 11031 - 10399. Calculate the remainder when w is divided by 11.
5
What is the remainder when (360/(-3 - -9))/(1/2) is divided by 112?
8
Let q = -33721 - -33745. Let h = -28 + 40. What is the remainder when q is divided by h?
0
Suppose 69*t + 693 = 132*t. Calculate the remainder when 13 is divided by t.
2
Let o = -2520 - -2912. Calculate the remainder when o is divided by 16.
8
Let k(m) = 5*m + 10. Let z be k(-6). Suppose 10*j + 0 + 20 = 0. Calculate the remainder when (j - (-9)/4) + (-515)/z is divided by 5.
1
Let f be -68*(-1)/(8/(-6)). Let j = f + 47. Calculate the remainder when 54 is divided by (-5)/10 + (-58)/j.
12
Suppose -96*d = -101*d + 3 + 22. Calculate the remainder when 123 is divided by d.
3
Suppose 0 = -3*s - 4*k + 1465, 0 = 8*s - 13*s - 4*k + 2431. What is the remainder when s is divided by 38?
27
Calculate the remainder when 331 is divided by ((-7)/(-14))/((-7)/(-84)*1).
1
Let c = -120 + 172. Let d = c + 38. Let w(y) = -3*y**2 + 637*y - 3891. Calculate the remainder when d is divided by w(206).
21
Suppose 5066 = 457*k - 440*k. Calculate the remainder when k is divided by 16.
10
Suppose 0 = -49*o + 43*o - 132. Let v = 45 + o. Let y(g) = g**3 + 2*g**2 - g - 2. What is the remainder when v is divided by y(2)?
11
Let s = -28 - -23. Let t be 4/(-10) + (-27)/s. Suppose 3*i - 52 = t. What is the remainder when i is divided by 5?
4
Let a be 2/(-14) - ((-984)/28 - -2). Suppose -a*z - 280 = -38*z. Suppose 0 = -x + z - 44. What is the remainder when x is divided by 11?
1
Let k(f) = 70*f - 674. Calculate the remainder when 324 is divided by k(12).
158
Let k = 250 - 490. Let u = k - -260. Calculate the remainder when 83 is divided by u.
3
Suppose -11*g - 3633 = 3066. Let i = 644 + g. Calculate the remainder when 347 is divided by i.
32
Suppose 5*t - 2*z - 190 = 0, -55 = -t - 20*z + 17*z. What is the remainder when 576 is divided by t?
16
Suppose -14*o - 6 = -12*o, 5*f - 5*o - 60 = 0. Calculate the remainder when 368 is divided by f.
8
Let i = 5864 - 5724. Calculate the remainder when i is divided by 73.
67
Suppose 0 = 5*n - 61 + 16. Let t be 99 - ((5 + -4)/1 - 1). Let s = t - 78. Calculate the remainder when s is divided by n.
3
Suppose -5*h - 2*y + 20 = -3*h, 0 = 5*h + 4*y - 50. Let m(a) = a**3 - 8*a**2 - 10*a + 25. Calculate the remainder when m(h) is divided by 26.
21
Suppose -3*r - 112 + 322 = 0. Calculate the remainder when r is divided by ((-32)/(-12))/(20/360).
22
Suppose 3*l - 6 = 0, 0 = -8*k + 3*k - 4*l + 93. Suppose -5*t + t + 4*x = -44, -k = -t - 5*x. What is the remainder when 72 is divided by ((-5)/(-2))/(2/t)?
12
Let k(d) = -2*d - 10. Let c be k(-4). Calculate the remainder when (242/(-44))/(c/36) is divided by 47.
5
Suppose -18 = 5*m - 8*m. Let c(b) = -b**2 - 10*b + 5. Let h be c(-11). Let q(y) = 2*y**2 + 9*y + 2. What is the remainder when q(h) is divided by m?
2
Suppose 0 = 4*n - 10*n + 72. What is the remainder when 3 - (6 - -2) - -206 is divided by n?
9
Suppose 7*o = 3*o + 2*p + 698, 20 = 4*p. Let a(f) = -12*f + 1. Calculate the remainder when o is divided by a(-5).
55
Let c = 116 + -109. Let q be (-3)/(1 - c) + (-5)/10. Suppose -2*r + 7*r + 2*d - 78 = 0, -5*r + 3*d + 83 = q. What is the remainder when 46 is divided by r?
14
Suppose i + d - 42 = 0, -i = d + 4*d - 46. Suppose -28704 = -119*u - 180*u. What is the remainder when u is divided by i?
14
Suppose 5*n + 1 + 19 = 2*d, -5*d + 5*n = -35. Suppose 3*i = -0*i + 90. What is the remainder when d/(-10) - (-171)/2 is divided by i?
25
Suppose -3*h + 9 = -4*r - 6, -3*h + 15 = 2*r. Let g = -21 + 37. Calculate the remainder when r - (2 + 1) - (-14 + -17) is divided by g.
12
Suppose 194*r = 182*r + 108. Calculate the remainder when r is divided by (-94)/(-14) - -1*(-6)/(-21).
2
Let q = 4799 + -2631. What is the remainder when q is divided by 10?
8
Let d = 7825 - 7762. Calculate the remainder when 481 is divided by d.
40
Suppose 47*s + 25 = 119. What is the remainder when 54 is divided by s?
0
Let n = -818 - -1206. Let z = n - 316. Calculate the remainder when z is divided by 2.
0
Suppose -520*q + 206718 = -127*q. What is the remainder when q is divided by 8?
6
Let k(m) = -m**3 - 6*m**2 + 8*m. Let f be k(-7). Let x = -3 - f. Let g = -115 + 126. Calculate the remainder when g is divided by x.
3
Let m(h) = -39